en thousands digit of 4385729?
8
What is the millions digit of 1686905?
1
What is the units digit of 2848778?
8
What is the thousands digit of 514381?
4
What is the units digit of 1610312?
2
What is the thousands digit of 518152?
8
What is the hundreds digit of 3860654?
6
What is the hundreds digit of 5291865?
8
What is the ten thousands digit of 5093474?
9
What is the thousands digit of 2505375?
5
What is the thousands digit of 44080?
4
What is the thousands digit of 86950?
6
What is the units digit of 435173?
3
What is the thousands digit of 169246?
9
What is the units digit of 50748?
8
What is the tens digit of 294233?
3
What is the units digit of 419396?
6
What is the units digit of 12846823?
3
What is the tens digit of 115929?
2
What is the tens digit of 12487933?
3
What is the units digit of 56077?
7
What is the ten millions digit of 10274633?
1
What is the hundreds digit of 2552953?
9
What is the thousands digit of 947135?
7
What is the hundreds digit of 5053818?
8
What is the thousands digit of 125904?
5
What is the hundreds digit of 13610?
6
What is the ten thousands digit of 174551?
7
What is the ten thousands digit of 604575?
0
What is the thousands digit of 279030?
9
What is the thousands digit of 1375475?
5
What is the ten thousands digit of 4311828?
1
What is the hundreds digit of 227269?
2
What is the units digit of 58128?
8
What is the ten millions digit of 34273916?
3
What is the tens digit of 17858319?
1
What is the thousands digit of 5722999?
2
What is the ten thousands digit of 376697?
7
What is the hundreds digit of 1495369?
3
What is the hundreds digit of 4842236?
2
What is the units digit of 254015?
5
What is the tens digit of 770?
7
What is the hundred thousands digit of 162345?
1
What is the hundred thousands digit of 18519399?
5
What is the thousands digit of 418344?
8
What is the ten thousands digit of 10212616?
1
What is the units digit of 2051343?
3
What is the ten thousands digit of 546177?
4
What is the millions digit of 18406649?
8
What is the units digit of 1869317?
7
What is the millions digit of 10056023?
0
What is the hundreds digit of 4477493?
4
What is the ten thousands digit of 651572?
5
What is the hundreds digit of 79600?
6
What is the millions digit of 8258900?
8
What is the thousands digit of 21526394?
6
What is the thousands digit of 3730533?
0
What is the ten thousands digit of 11832254?
3
What is the units digit of 266699?
9
What is the units digit of 216320?
0
What is the units digit of 212307?
7
What is the thousands digit of 2214495?
4
What is the tens digit of 3075948?
4
What is the tens digit of 11046178?
7
What is the thousands digit of 56150?
6
What is the hundreds digit of 990203?
2
What is the thousands digit of 4716717?
6
What is the ten millions digit of 14429546?
1
What is the ten thousands digit of 7520119?
2
What is the millions digit of 3894025?
3
What is the thousands digit of 103967?
3
What is the ten thousands digit of 140494?
4
What is the millions digit of 1072425?
1
What is the thousands digit of 470160?
0
What is the thousands digit of 903785?
3
What is the ten thousands digit of 254360?
5
What is the units digit of 792915?
5
What is the ten thousands digit of 120327?
2
What is the units digit of 715520?
0
What is the hundreds digit of 802312?
3
What is the millions digit of 17978055?
7
What is the units digit of 17538690?
0
What is the tens digit of 22570210?
1
What is the tens digit of 64562?
6
What is the millions digit of 1101153?
1
What is the ten thousands digit of 5602447?
0
What is the hundred thousands digit of 454473?
4
What is the hundred thousands digit of 1588327?
5
What is the ten millions digit of 14338304?
1
What is the tens digit of 2698033?
3
What is the ten millions digit of 11086656?
1
What is the hundreds digit of 392256?
2
What is the hundreds digit of 274750?
7
What is the tens digit of 1033092?
9
What is the hundred thousands digit of 295944?
2
What is the ten thousands digit of 10315439?
1
What is the hundreds digit of 128562?
5
What is the hundreds digit of 182203?
2
What is the tens digit of 84042?
4
What is the millions digit of 33930416?
3
What is the units digit of 564710?
0
What is the tens digit of 2701902?
0
What is the ten thousands digit of 408261?
0
What is the tens digit of 5240485?
8
What is the tens digit of 3158181?
8
What is the hundred thousands digit of 4501853?
5
What is the ten thousands digit of 16141411?
4
What is the thousands digit of 2184785?
4
What is the hundreds digit of 424638?
6
What is the thousands digit of 190141?
0
What is the ten thousands digit of 580547?
8
What is the ten thousands digit of 407287?
0
What is the ten thousands digit of 115012?
1
What is the hundred thousands digit of 13272607?
2
What is the hundreds digit of 2017414?
4
What is the ten thousands digit of 9428952?
2
What is the ten thousands digit of 1298315?
9
What is the tens digit of 2618601?
0
What is the units digit of 835999?
9
What is the thousands digit of 1611008?
1
What is the ten thousands digit of 5625545?
2
What is the hundreds digit of 920448?
4
What is the hundred thousands digit of 253683?
2
What is the thousands digit of 1725204?
5
What is the units digit of 119206?
6
What is the thousands digit of 3284987?
4
What is the tens digit of 10387296?
9
What is the thousands digit of 3426505?
6
What is the millions digit of 3520072?
3
What is the ten thousands digit of 2413330?
1
What is the hundred thousands digit of 447019?
4
What is the ten thousands digit of 7352907?
5
What is the units digit of 4952089?
9
What is the ten thousands digit of 3184603?
8
What is the ten thousands digit of 140383?
4
What is the ten thousands digit of 343458?
4
What is the tens digit of 42183619?
1
What is the hundred thousands digit of 136318?
1
What is the tens digit of 2933010?
1
What is the units digit of 891010?
0
What is the tens digit of 195740?
4
What is the tens digit of 98269?
6
What is the tens digit of 237650?
5
What is the thousands digit of 12397642?
7
What is the hundreds digit of 130887?
8
What is the hundred thousands digit of 282877?
2
What is the hundreds digit of 10218765?
7
What is the tens digit of 179246?
4
What is the hundred thousands digit of 1085390?
0
What is the thousands digit of 1566881?
6
What is the tens digit of 393924?
2
What is the hundreds digit of 286275?
2
What is the thousands digit of 493008?
3
What is the hundreds digit of 167151?
1
What is the hundreds digit of 21888976?
9
What is the units digit of 10969661?
1
What is the hundreds digit of 1713563?
5
What is the hundred thousands digit of 498412?
4
What is the hundreds digit of 1809207?
2
What is the millions digit of 2265735?
2
What is the ten millions digit of 22232427?
2
What is the units digit of 1543470?
0
What is the hundred thousands digit of 204680?
2
What is the millions digit of 13364020?
3
What is the tens digit of 396906?
0
What is the thousands digit of 2260017?
0
What is the millions digit of 4182592?
4
What is the hundreds digit of 2816454?
4
What is the ten millions digit of 25386542?
2
What is the hundreds digit of 613762?
7
What is the tens digit of 168206?
0
What is the units digit of 21980572?
2
What is the ten thousands digit of 769357?
6
What is the tens digit of 2173686?
8
What is the hundreds digit of 546527?
5
What is the millions digit of 6794358?
6
What is the thousands digit of 356123?
6
What is the thousands digit of 23182763?
2
What is the ten millions digit of 16003976?
1
What is the thousands digit of 170299?
0
What is the hundreds digit of 1725996?
9
What is the hundred thousands digit of 1242408?
2
What is the hundred thousands digit of 29901840?
9
What is the units digit of 1686522?
2
What is the hundred thousands digit of 206128?
2
What is the hundred thousands digit of 428795?
4
What is the thousands digit of 242575?
2
What is the tens digit of 929535?
3
What is the units digit of 168666?
6
What is the units digit of 36803?
3
What is the thousands digit of 655563?
5
What is the hundreds digit of 509767?
7
What is the thousands digit of 1843361?
3
What is the hundreds digit of 1970777?
7
What is the thousands digit of 9575020?
5
What is the hundreds digit of 5067396?
3
What is the hundred thousands digit of 1591951?
5
What is 